est common factor of 1633466 and 28026.
346
What is the greatest common factor of 1320 and 626420?
20
What is the greatest common divisor of 206423573 and 183?
61
Calculate the highest common divisor of 11733220 and 45.
5
Calculate the greatest common factor of 30710 and 118952114.
6142
Calculate the greatest common divisor of 163231439 and 9422.
4711
What is the greatest common divisor of 52902691 and 408?
17
Calculate the highest common factor of 374 and 60718.
2
Calculate the highest common factor of 2258 and 1262.
2
What is the highest common divisor of 1555736 and 133328?
104
Calculate the greatest common factor of 380 and 3432616.
76
What is the greatest common divisor of 3735 and 17010?
45
What is the greatest common factor of 5773740 and 168?
84
Calculate the highest common factor of 11584 and 80440744.
1448
What is the greatest common factor of 7535923 and 15129?
1681
What is the highest common divisor of 4557 and 10324839?
147
Calculate the highest common divisor of 70255 and 160.
5
Calculate the highest common divisor of 34901 and 149869.
2053
What is the greatest common factor of 12172325 and 220?
55
What is the highest common factor of 125472 and 1824?
96
Calculate the highest common divisor of 360857377 and 47972.
11993
What is the greatest common factor of 12 and 8747856?
12
What is the highest common factor of 7 and 145886111?
7
What is the highest common factor of 12 and 308593092?
12
What is the highest common divisor of 540925 and 16000600?
1925
Calculate the greatest common divisor of 490445285 and 55.
55
Calculate the highest common divisor of 455834583 and 867.
51
What is the greatest common divisor of 239376 and 704?
16
Calculate the highest common divisor of 9612 and 421148.
356
Calculate the highest common divisor of 513 and 173785419.
513
Calculate the greatest common factor of 738294889 and 2957.
2957
Calculate the highest common divisor of 104244 and 6201804.
1428
Calculate the highest common factor of 5632 and 125856896.
1408
Calculate the greatest common divisor of 4158 and 310101.
33
Calculate the highest common divisor of 273325438 and 148.
74
What is the highest common factor of 88373275 and 5?
5
Calculate the highest common divisor of 33976329 and 1389.
1389
What is the highest common divisor of 44 and 1231920?
4
Calculate the greatest common divisor of 3605721 and 49749.
2163
Calculate the greatest common factor of 254868 and 1487364.
3804
What is the greatest common factor of 147941 and 15475?
619
What is the highest common divisor of 1350140975 and 125?
25
What is the greatest common factor of 105 and 1568413?
7
Calculate the highest common factor of 4256584 and 20096.
1256
Calculate the highest common divisor of 42520587 and 51.
51
Calculate the highest common divisor of 103559114 and 73.
73
What is the highest common factor of 108 and 106259418?
54
What is the highest common factor of 29632 and 576?
64
What is the highest common factor of 14029508 and 20430?
454
What is the greatest common divisor of 6039 and 738243?
99
Calculate the highest common divisor of 509702708 and 3505.
701
Calculate the highest common divisor of 6952 and 15413453.
869
Calculate the greatest common divisor of 3404 and 22632.
92
Calculate the highest common factor of 10480950 and 13050.
450
What is the greatest common divisor of 7 and 12237176?
7
Calculate the highest common factor of 19929446 and 334.
334
Calculate the greatest common divisor of 273768 and 4811.
17
Calculate the greatest common factor of 470066830 and 170.
170
What is the greatest common divisor of 4232545 and 326035?
985
What is the greatest common divisor of 198 and 3922688?
22
What is the greatest common factor of 735 and 12652136?
7
Calculate the greatest common factor of 13616 and 15982631.
851
Calculate the greatest common factor of 703 and 1484773.
37
What is the highest common divisor of 2928 and 1633458?
366
Calculate the greatest common factor of 350660 and 170435.
445
Calculate the highest common factor of 6400 and 1308400.
400
Calculate the greatest common divisor of 19 and 233750.
1
Calculate the greatest common divisor of 1465908 and 1284.
12
What is the greatest common divisor of 6576 and 668930448?
6576
What is the highest common factor of 115203156 and 76?
76
Calculate the greatest common divisor of 1430550210 and 30.
30
Calculate the greatest common factor of 418 and 35748779.
11
What is the highest common divisor of 9019316 and 51?
17
What is the highest common factor of 67099 and 6800?
17
What is the highest common factor of 964964 and 34034?
2002
What is the greatest common divisor of 752 and 370078?
94
What is the highest common factor of 2828 and 5518828?
28
What is the highest common divisor of 40 and 618160540?
20
What is the highest common factor of 888 and 344892?
12
What is the greatest common divisor of 41791704 and 144?
24
What is the highest common factor of 84420 and 62310?
2010
What is the greatest common factor of 43831329 and 194412?
2859
Calculate the highest common divisor of 12908 and 276.
4
What is the greatest common divisor of 4390554 and 6153?
21
Calculate the greatest common divisor of 124838675 and 26.
13
What is the highest common divisor of 5062576 and 1552?
16
What is the greatest common divisor of 11716822 and 4433?
403
What is the highest common divisor of 1333698 and 266262?
1194
Calculate the highest common factor of 276 and 4784253.
69
Calculate the greatest common divisor of 27343 and 8618218.
739
What is the highest common factor of 10261827 and 243?
9
Calculate the highest common factor of 6375 and 9188075.
425
What is the greatest common divisor of 1074 and 681990?
1074
What is the highest common divisor of 2365 and 363342905?
215
What is the greatest common divisor of 2979 and 279141?
3
Calculate the highest common factor of 7453 and 2028691694.
7453
What is the highest common divisor of 34916 and 415744?
812
Calculate the greatest common factor of 2360016 and 195454.
1214
What is the greatest common divisor of 234577 and 421176?
161
Calculate the greatest common factor of 2101018682 and 14.
14
Calculate the greatest common divisor of 12 and 45894036.
12
Calculate the greatest common divisor of 3043 and 7998973.
179
What is the highest common divisor of 488 and 11471?
1
Calculate the greatest common divisor of 780 and 6446778.
78
What is the greatest common divisor of 15936381 and 5661?
333
What is the greatest common divisor of 13167 and 33817707?
693
What is the highest common divisor of 1829663 and 254808?
3539
What is the highest common factor of 29200 and 226000?
400
Calculate the highest common divisor of 96646 and 146234.
506
What is the highest common factor of 946 and 1668271?
473
Calculate the greatest common divisor of 67220 and 23140.
20
Calculate the greatest common divisor of 35530 and 8.
2
What is the greatest common divisor of 1173 and 2556933?
69
What is the highest common factor of 96 and 106026672?
48
What is the greatest common divisor of 497 and 25817943?
71
Calculate the highest common divisor of 28427570 and 20.
10
What is the highest common factor of 3312 and 99681264?
3312
What is the highest common divisor of 885192 and 11781?
231
Calculate the greatest common divisor of 453420 and 39600.
1980
What is the highest common factor of 48 and 23138000?
16
Calculate the highest common divisor of 57047358 and 18.
6
What is the greatest common divisor of 40859012 and 536?
268
Calculate the highest common factor of 4061349 and 7464.
933
What is the greatest common divisor of 22975467 and 563?
563
Calculate the highest common divisor of 197455 and 32545.
115
What is the highest common divisor of 26093 and 463487?
269
Calculate the highest common divisor of 80 and 96595.
5
Calculate the greatest common factor of 44793 and 1182762.
567
Calculate the greatest common divisor of 724080 and 33600.
1680
Calculate the highest common factor of 21384492 and 21364.
436
Calculate the greatest common factor of 198 and 240182250.
66
What is the highest common divisor of 21250478 and 48?
2
Calculate the highest common divisor of 2107167 and 1696209.
4029
Calculate the greatest common factor of 727517175 and 21.
21
What is the highest common factor of 493362 and 93213?
9
Calculate the greatest common fa